{"id":2,"date":"2020-07-12T12:51:27","date_gmt":"2020-07-12T12:51:27","guid":{"rendered":"http:\/\/sabine.lisaschmoelzer.at\/?page_id=2"},"modified":"2022-03-12T13:04:37","modified_gmt":"2022-03-12T13:04:37","slug":"home","status":"publish","type":"page","link":"http:\/\/sabineschmoelzer.at\/","title":{"rendered":"Home"},"content":{"rendered":"\n<p><\/p>\n\n\n\n<br><br>\n\n\n\n<p class=\"has-text-align-center\">Universit\u00e4tsprofessorin f\u00fcr Deutsch als Zweitsprache und Sprachdidaktik an der Universit\u00e4t Graz. Leiterin des Fachdidaktikzentrums Deutsch als Zweitsprache &amp; Sprachliche Bildung, des Habilitationsforums Fachdidaktik &amp; Unterrichtsforschung und des Universit\u00e4tslehrgangs Deutsch als Fremd- und Zweitsprache der Universit\u00e4t Graz. Forschungsschwerpunkte: Entwicklung und F\u00f6rderung von Sprach- und Textkompetenz in der Erst-, Zweit- und Fremdsprache Deutsch, Literalit\u00e4t und sprachliche Bildung in sprachlich heterogenen Klassen, empirische Schreibentwicklungsforschung und Schreibdidaktik, argumentierendes und wissenschaftliches Schreiben.<\/p>\n\n\n\n<br><br>\n\n\n\n<br><br>\n","protected":false},"excerpt":{"rendered":"<p>Universit\u00e4tsprofessorin f\u00fcr Deutsch als Zweitsprache und Sprachdidaktik an der Universit\u00e4t Graz. Leiterin des Fachdidaktikzentrums Deutsch als Zweitsprache &amp; Sprachliche Bildung, des Habilitationsforums Fachdidaktik &amp; Unterrichtsforschung und des Universit\u00e4tslehrgangs Deutsch als Fremd- und Zweitsprache der Universit\u00e4t Graz. Forschungsschwerpunkte: Entwicklung und F\u00f6rderung von Sprach- und Textkompetenz in der Erst-, Zweit- und Fremdsprache Deutsch, Literalit\u00e4t und sprachliche Bildung [&hellip;]<\/p>\n","protected":false},"author":1,"featured_media":0,"parent":0,"menu_order":0,"comment_status":"closed","ping_status":"closed","template":"page-full-width.php","meta":[],"_links":{"self":[{"href":"http:\/\/sabineschmoelzer.at\/index.php?rest_route=\/wp\/v2\/pages\/2"}],"collection":[{"href":"http:\/\/sabineschmoelzer.at\/index.php?rest_route=\/wp\/v2\/pages"}],"about":[{"href":"http:\/\/sabineschmoelzer.at\/index.php?rest_route=\/wp\/v2\/types\/page"}],"author":[{"embeddable":true,"href":"http:\/\/sabineschmoelzer.at\/index.php?rest_route=\/wp\/v2\/users\/1"}],"replies":[{"embeddable":true,"href":"http:\/\/sabineschmoelzer.at\/index.php?rest_route=%2Fwp%2Fv2%2Fcomments&post=2"}],"version-history":[{"count":21,"href":"http:\/\/sabineschmoelzer.at\/index.php?rest_route=\/wp\/v2\/pages\/2\/revisions"}],"predecessor-version":[{"id":189,"href":"http:\/\/sabineschmoelzer.at\/index.php?rest_route=\/wp\/v2\/pages\/2\/revisions\/189"}],"wp:attachment":[{"href":"http:\/\/sabineschmoelzer.at\/index.php?rest_route=%2Fwp%2Fv2%2Fmedia&parent=2"}],"curies":[{"name":"wp","href":"https:\/\/api.w.org\/{rel}","templated":true}]}}

<p></p>



<br><br>



<p class="has-text-align-center">Universitätsprofessorin für Deutsch als Zweitsprache und Sprachdidaktik an der Universität Graz. Leiterin des Fachdidaktikzentrums Deutsch als Zweitsprache &amp; Sprachliche Bildung, des Habilitationsforums Fachdidaktik &amp; Unterrichtsforschung und des Universitätslehrgangs Deutsch als Fremd- und Zweitsprache der Universität Graz. Forschungsschwerpunkte: Entwicklung und Förderung von Sprach- und Textkompetenz in der Erst-, Zweit- und Fremdsprache Deutsch, Literalität und sprachliche Bildung in sprachlich heterogenen Klassen, empirische Schreibentwicklungsforschung und Schreibdidaktik, argumentierendes und wissenschaftliches Schreiben.</p>



<br><br>



<br><br>

<p>Universitätsprofessorin für Deutsch als Zweitsprache und Sprachdidaktik an der Universität Graz. Leiterin des Fachdidaktikzentrums Deutsch als Zweitsprache &amp; Sprachliche Bildung, des Habilitationsforums Fachdidaktik &amp; Unterrichtsforschung und des Universitätslehrgangs Deutsch als Fremd- und Zweitsprache der Universität Graz. Forschungsschwerpunkte: Entwicklung und Förderung von Sprach- und Textkompetenz in der Erst-, Zweit- und Fremdsprache Deutsch, Literalität und sprachliche Bildung [&hellip;]</p>
