{"id":62,"date":"2020-07-12T21:25:42","date_gmt":"2020-07-12T21:25:42","guid":{"rendered":"http:\/\/sabine.lisaschmoelzer.at\/?page_id=62"},"modified":"2023-08-28T10:11:29","modified_gmt":"2023-08-28T10:11:29","slug":"forschung","status":"publish","type":"page","link":"http:\/\/sabineschmoelzer.at\/?page_id=62","title":{"rendered":"Forschung"},"content":{"rendered":"\n<h2>Forschungsschwerpunkte<\/h2>\n\n\n\n<ul><li>Deutsch als Zweitsprache und Sprachdidaktik im Kontext von migrationsbedingter Mehrsprachigkeit<\/li><li>Entwicklung und F\u00f6rderung von Sprach- und Textkompetenz in der Erst-, Zweit- und Fremdsprache Deutsch <\/li><li>Literalit\u00e4t und sprachliche Bildung in sprachlich heterogenen Klassen<\/li><li>Schriftspracherwerb und Schreibdidaktik<\/li><li>Argumentierendes und wissenschaftliches Schreiben<\/li><\/ul>\n\n\n\n<p><\/p>\n\n\n\n<h2>Forschungs- und Entwicklungsprojekte<\/h2>\n\n\n<p>2024-2027: FWF-Projekt: &#8220;Developing Academic Writing&#8221;, gem. mit M. Akbulut (Projektleitung)<\/p>\n\n\n<p><font _mstmutation=\"1\">2022-2025: Erasmus+-Projekt: <a href=\"https:\/\/static.uni-graz.at\/fileadmin\/gewi-zentren\/fachdidaktikzentrum-gewi\/FiSci\/FiSci_Kurzfassung_Projektbeschreibung.pdf\">&#8220;Fictional Science (FiSci) \u2013 F\u00f6rderung Kritischer Textkompetenz im Umgang mit Fake News&#8221;<\/a>. Kooperationspartner: Westb\u00f6hmische Universit\u00e4t Pilsen (Tschechien), Accademia Europea di Bolzano (Italien), F\u00f6rdergeber: Europ\u00e4ische Kommission (Projektleitung\/Lead)<\/font><\/p>\n\n\n\n<p>2020 &#8211; 2023: Erasmus+-Projekt: <a href=\"https:\/\/static.uni-graz.at\/fileadmin\/gewi-zentren\/fachdidaktikzentrum-gewi\/Erasmus__Projekt..pdf\">&#8220;Dialog \u2013 Sch\u00fclerInnen argumentieren kontroverse Fragen zum Klimawandel&#8221;<\/a>, Kooperationspartner: Westb\u00f6hmische Universit\u00e4t Pilsen (Tschechien), NHL Stenden Hogeschool (Niederlande), F\u00f6rdergeber: Europ\u00e4ische Kommission (Projektleitung\/Lead)<\/p>\n\n\n\n<p>2018 &#8211; 2020: Forschungsprojekt: <a href=\"https:\/\/static.uni-graz.at\/fileadmin\/gewi-zentren\/fachdidaktikzentrum-gewi\/Kurzbeschreibung_Ungeteilt_neu070420.pdf\">\u201e(Un)geteilte Klassen. Der Einfluss integrativer und semiintegrativer Modelle der Sprachf\u00f6rderung auf den Zweitspracherwerb und die soziale Integration neu zugewanderter Kinder in den Klassen\u201c<\/a>, F\u00f6rdergeber: Land Steiermark  (Projektleitung)<\/p>\n\n\n\n<p>2017 &#8211; 2019: Forschungsprojekt (Sparcling Science) <a href=\"https:\/\/static.uni-graz.at\/fileadmin\/gewi-zentren\/fachdidaktikzentrum-gewi\/Kurzbeschreibung_Sparkling_HP_neu070420.pdf\">\u201eDas Universum gleicht einem Fu\u00dfball \u2013 oder doch nicht? Entwicklung wissenschaftlicher Textkompetenz von Sch\u00fclerInnen in mehrsprachigen Klassen durch metatextuelle Diskurse zu ungel\u00f6sten Fragen der Naturwissenschaft\u201c<\/a>, F\u00f6rdergeber: Bund\/BMWFW (Projektleitung)<\/p>\n\n\n\n<p>2015 &#8211; 2018: Bildungsprojekt <a href=\"https:\/\/static.uni-graz.at\/fileadmin\/gewi-zentren\/fachdidaktikzentrum-gewi\/MeLA_Kurzbeschreibung_neu070420.pdf\">\u201eMehr-sprachliche Bildung &#8211; Entwicklung und Erprobung von Language Awarenesskonzepten im Unterricht aller F\u00e4cher\u201c<\/a> in Kooperation mit der PH Karlsruhe (Lead) und der Universit\u00e4t Luxemburg, F\u00f6rdergeber: Europ\u00e4ische Kommission (Projektleitung Graz)<\/p>\n\n\n\n<p>2014 &#8211; 2016: Forschungsprojekt <a href=\"https:\/\/static.uni-graz.at\/fileadmin\/gewi-zentren\/fachdidaktikzentrum-gewi\/Wiss_Schreiben_Kurzbeschreibung_neu070420.pdf\">\u201eWissenschaftliches Schreiben. Die textlinguistische und erwerbstheoretische Bedeutung von wissenschaftlichen Textprozeduren&#8221;<\/a>, F\u00f6rdergeber: \u00d6NB (Projektleitung)<\/p>\n\n\n\n<p>2010 &#8211; 2012: Forschungsprojekt <a href=\"https:\/\/static.uni-graz.at\/fileadmin\/gewi-zentren\/fachdidaktikzentrum-gewi\/Did_Coaching_Kurzbeschreibung_neu070420.pdf\">\u201eDidaktisches Coaching f\u00fcr den Unterricht in mehrsprachigen Klassen\u201c<\/a>,  F\u00f6rdergeber: Bund\/Bm:ukk (Projektleitung)<\/p>\n\n\n\n<p>2010 &#8211; 2011: Entwicklungssprojekt <a href=\"https:\/\/static.uni-graz.at\/fileadmin\/gewi-zentren\/fachdidaktikzentrum-gewi\/Guidelines_Kurzbeschreibung_neu070420.pdf\">\u201eGuidelines: Sprachverwendung in Schulb\u00fcchern\u201c<\/a>, F\u00f6rdergeber: Bund\/Bm:ukk (Projektleitung)<\/p>\n\n\n\n<h2>Forschungsaufenthalte &amp; Gastprofessuren<\/h2>\n\n\n\n<p>2019\/2020: Gastprofessur an der Facultad de Lenguas Extranjeras Universidad de La Habana <\/p>\n\n\n\n<p>2015: Gastprofessur an der Philologischen Fakult\u00e4t II der Humboldt-Universit\u00e4t zu Berlin <\/p>\n\n\n\n<p>2010: Forschungsaufenthalt an der Deutschen Schule Cuenca und an der Deutschen Schule Quito in Ecuador (Projektpilotierung) <\/p>\n\n\n\n<p>2008\/2009: Gastprofessur am CELE-UNAM\/Departamento de Alem\u00e1n und an der Facultad de Estudios Profesionales Acatl\u00e1n an der UNAM\/Abteilung Deutsch als Fremdsprache in Mexiko-Stadt <\/p>\n\n\n\n<p>2004\/2005: Forschungsaufenthalt an der University of Berkeley\/California im Rahmen eines Habilitationsstipendiums, F\u00f6rdergeber: FWF <\/p>\n\n\n\n<h2>Forschungsstipendien<\/h2>\n\n\n\n<p>2004 &#8211; 2005: Charlotte-B\u00fchler-Habilitationsstipendium des \u00d6sterreichischen Forschungsfonds FWF<\/p>\n\n\n\n<p>1989: Doktorats-Stipendium der Absolventen-Akademiker-Gesellschaft der Universit\u00e4t Graz<\/p>\n\n\n\n<h2>Mitgliedschaften (in Auswahl)<\/h2>\n\n\n\n<p>seit 2013: Mitglied des <a href=\"https:\/\/www.mercator-institut-sprachfoerderung.de\/de\/institut\/wissenschaftlicher-beirat\/\">Wissenschaftlichen Beirats des Mercator-Instituts f\u00fcr Sprachf\u00f6rderung und Deutsch als Zweitsprache<\/a> der Universit\u00e4t zu K\u00f6ln<\/p>\n\n\n\n<p>seit 2013: Mitglied des <a href=\"https:\/\/m.symposion-deutschdidaktik.de\/home\/\">Symposiums Deutschdidaktik<\/a> e.V.<\/p>\n\n\n\n<p>seit 2012: Mitglied der <a href=\"https:\/\/www.dgff.de\/veranstaltungen\/dgff-kongress\/\">Deutschen Gesellschaft f\u00fcr Fremdsprachenforschung<\/a> <\/p>\n\n\n\n<p>seit 2007: Mitglied im internationalen Forschungsverbund <a href=\"https:\/\/web0.fhnw.ch\/plattformen\/zl\/category\/dies\/\">dieS: didaktisch-empirische Schreibforschung<\/a><\/p>\n\n\n\n<p>seit 1999: Mitglied des <a href=\"http:\/\/www.oedaf.at\/\">\u00d6DaF<\/a> (Dachverband f\u00fcr Deutsch als Fremd-\/Zweitsprache)<\/p>\n\n\n\n<p><strong>Weitere Informationen: <\/strong><a href=\"https:\/\/online.uni-graz.at\/kfu_online\/pl\/ui\/$ctx;design=pl;header=max;lang=de\/wbforschungsportal.cbshowportal?pPersonNr=57315\">Forschungsportal <\/a>der Universit\u00e4t Graz<\/p>\n\n\n\n<p><\/p>\n","protected":false},"excerpt":{"rendered":"<p>Forschungsschwerpunkte Deutsch als Zweitsprache und Sprachdidaktik im Kontext von migrationsbedingter Mehrsprachigkeit Entwicklung und F\u00f6rderung von Sprach- und Textkompetenz in der Erst-, Zweit- und Fremdsprache Deutsch Literalit\u00e4t und sprachliche Bildung in sprachlich heterogenen Klassen Schriftspracherwerb und Schreibdidaktik Argumentierendes und wissenschaftliches Schreiben Forschungs- und Entwicklungsprojekte 2024-2027: FWF-Projekt: &#8220;Developing Academic Writing&#8221;, gem. mit M. Akbulut (Projektleitung) 2022-2025: Erasmus+-Projekt: [&hellip;]<\/p>\n","protected":false},"author":1,"featured_media":0,"parent":0,"menu_order":0,"comment_status":"closed","ping_status":"closed","template":"page-full-width.php","meta":[],"_links":{"self":[{"href":"http:\/\/sabineschmoelzer.at\/index.php?rest_route=\/wp\/v2\/pages\/62"}],"collection":[{"href":"http:\/\/sabineschmoelzer.at\/index.php?rest_route=\/wp\/v2\/pages"}],"about":[{"href":"http:\/\/sabineschmoelzer.at\/index.php?rest_route=\/wp\/v2\/types\/page"}],"author":[{"embeddable":true,"href":"http:\/\/sabineschmoelzer.at\/index.php?rest_route=\/wp\/v2\/users\/1"}],"replies":[{"embeddable":true,"href":"http:\/\/sabineschmoelzer.at\/index.php?rest_route=%2Fwp%2Fv2%2Fcomments&post=62"}],"version-history":[{"count":55,"href":"http:\/\/sabineschmoelzer.at\/index.php?rest_route=\/wp\/v2\/pages\/62\/revisions"}],"predecessor-version":[{"id":346,"href":"http:\/\/sabineschmoelzer.at\/index.php?rest_route=\/wp\/v2\/pages\/62\/revisions\/346"}],"wp:attachment":[{"href":"http:\/\/sabineschmoelzer.at\/index.php?rest_route=%2Fwp%2Fv2%2Fmedia&parent=62"}],"curies":[{"name":"wp","href":"https:\/\/api.w.org\/{rel}","templated":true}]}}

<h2>Forschungsschwerpunkte</h2>



<ul><li>Deutsch als Zweitsprache und Sprachdidaktik im Kontext von migrationsbedingter Mehrsprachigkeit</li><li>Entwicklung und Förderung von Sprach- und Textkompetenz in der Erst-, Zweit- und Fremdsprache Deutsch </li><li>Literalität und sprachliche Bildung in sprachlich heterogenen Klassen</li><li>Schriftspracherwerb und Schreibdidaktik</li><li>Argumentierendes und wissenschaftliches Schreiben</li></ul>



<p></p>



<h2>Forschungs- und Entwicklungsprojekte</h2>


<p>2024-2027: FWF-Projekt: &#8220;Developing Academic Writing&#8221;, gem. mit M. Akbulut (Projektleitung)</p>


<p><font _mstmutation="1">2022-2025: Erasmus+-Projekt: <a href="https://static.uni-graz.at/fileadmin/gewi-zentren/fachdidaktikzentrum-gewi/FiSci/FiSci_Kurzfassung_Projektbeschreibung.pdf">&#8220;Fictional Science (FiSci) – Förderung Kritischer Textkompetenz im Umgang mit Fake News&#8221;</a>. Kooperationspartner: Westböhmische Universität Pilsen (Tschechien), Accademia Europea di Bolzano (Italien), Fördergeber: Europäische Kommission (Projektleitung/Lead)</font></p>



<p>2020 &#8211; 2023: Erasmus+-Projekt: <a href="https://static.uni-graz.at/fileadmin/gewi-zentren/fachdidaktikzentrum-gewi/Erasmus__Projekt..pdf">&#8220;Dialog – SchülerInnen argumentieren kontroverse Fragen zum Klimawandel&#8221;</a>, Kooperationspartner: Westböhmische Universität Pilsen (Tschechien), NHL Stenden Hogeschool (Niederlande), Fördergeber: Europäische Kommission (Projektleitung/Lead)</p>



<p>2018 &#8211; 2020: Forschungsprojekt: <a href="https://static.uni-graz.at/fileadmin/gewi-zentren/fachdidaktikzentrum-gewi/Kurzbeschreibung_Ungeteilt_neu070420.pdf">„(Un)geteilte Klassen. Der Einfluss integrativer und semiintegrativer Modelle der Sprachförderung auf den Zweitspracherwerb und die soziale Integration neu zugewanderter Kinder in den Klassen“</a>, Fördergeber: Land Steiermark  (Projektleitung)</p>



<p>2017 &#8211; 2019: Forschungsprojekt (Sparcling Science) <a href="https://static.uni-graz.at/fileadmin/gewi-zentren/fachdidaktikzentrum-gewi/Kurzbeschreibung_Sparkling_HP_neu070420.pdf">„Das Universum gleicht einem Fußball – oder doch nicht? Entwicklung wissenschaftlicher Textkompetenz von SchülerInnen in mehrsprachigen Klassen durch metatextuelle Diskurse zu ungelösten Fragen der Naturwissenschaft“</a>, Fördergeber: Bund/BMWFW (Projektleitung)</p>



<p>2015 &#8211; 2018: Bildungsprojekt <a href="https://static.uni-graz.at/fileadmin/gewi-zentren/fachdidaktikzentrum-gewi/MeLA_Kurzbeschreibung_neu070420.pdf">„Mehr-sprachliche Bildung &#8211; Entwicklung und Erprobung von Language Awarenesskonzepten im Unterricht aller Fächer“</a> in Kooperation mit der PH Karlsruhe (Lead) und der Universität Luxemburg, Fördergeber: Europäische Kommission (Projektleitung Graz)</p>



<p>2014 &#8211; 2016: Forschungsprojekt <a href="https://static.uni-graz.at/fileadmin/gewi-zentren/fachdidaktikzentrum-gewi/Wiss_Schreiben_Kurzbeschreibung_neu070420.pdf">„Wissenschaftliches Schreiben. Die textlinguistische und erwerbstheoretische Bedeutung von wissenschaftlichen Textprozeduren&#8221;</a>, Fördergeber: ÖNB (Projektleitung)</p>



<p>2010 &#8211; 2012: Forschungsprojekt <a href="https://static.uni-graz.at/fileadmin/gewi-zentren/fachdidaktikzentrum-gewi/Did_Coaching_Kurzbeschreibung_neu070420.pdf">„Didaktisches Coaching für den Unterricht in mehrsprachigen Klassen“</a>,  Fördergeber: Bund/Bm:ukk (Projektleitung)</p>



<p>2010 &#8211; 2011: Entwicklungssprojekt <a href="https://static.uni-graz.at/fileadmin/gewi-zentren/fachdidaktikzentrum-gewi/Guidelines_Kurzbeschreibung_neu070420.pdf">„Guidelines: Sprachverwendung in Schulbüchern“</a>, Fördergeber: Bund/Bm:ukk (Projektleitung)</p>



<h2>Forschungsaufenthalte &amp; Gastprofessuren</h2>



<p>2019/2020: Gastprofessur an der Facultad de Lenguas Extranjeras Universidad de La Habana </p>



<p>2015: Gastprofessur an der Philologischen Fakultät II der Humboldt-Universität zu Berlin </p>



<p>2010: Forschungsaufenthalt an der Deutschen Schule Cuenca und an der Deutschen Schule Quito in Ecuador (Projektpilotierung) </p>



<p>2008/2009: Gastprofessur am CELE-UNAM/Departamento de Alemán und an der Facultad de Estudios Profesionales Acatlán an der UNAM/Abteilung Deutsch als Fremdsprache in Mexiko-Stadt </p>



<p>2004/2005: Forschungsaufenthalt an der University of Berkeley/California im Rahmen eines Habilitationsstipendiums, Fördergeber: FWF </p>



<h2>Forschungsstipendien</h2>



<p>2004 &#8211; 2005: Charlotte-Bühler-Habilitationsstipendium des Österreichischen Forschungsfonds FWF</p>



<p>1989: Doktorats-Stipendium der Absolventen-Akademiker-Gesellschaft der Universität Graz</p>



<h2>Mitgliedschaften (in Auswahl)</h2>



<p>seit 2013: Mitglied des <a href="https://www.mercator-institut-sprachfoerderung.de/de/institut/wissenschaftlicher-beirat/">Wissenschaftlichen Beirats des Mercator-Instituts für Sprachförderung und Deutsch als Zweitsprache</a> der Universität zu Köln</p>



<p>seit 2013: Mitglied des <a href="https://m.symposion-deutschdidaktik.de/home/">Symposiums Deutschdidaktik</a> e.V.</p>



<p>seit 2012: Mitglied der <a href="https://www.dgff.de/veranstaltungen/dgff-kongress/">Deutschen Gesellschaft für Fremdsprachenforschung</a> </p>



<p>seit 2007: Mitglied im internationalen Forschungsverbund <a href="https://web0.fhnw.ch/plattformen/zl/category/dies/">dieS: didaktisch-empirische Schreibforschung</a></p>



<p>seit 1999: Mitglied des <a href="http://www.oedaf.at/">ÖDaF</a> (Dachverband für Deutsch als Fremd-/Zweitsprache)</p>



<p><strong>Weitere Informationen: </strong><a href="https://online.uni-graz.at/kfu_online/pl/ui/$ctx;design=pl;header=max;lang=de/wbforschungsportal.cbshowportal?pPersonNr=57315">Forschungsportal </a>der Universität Graz</p>



<p></p>

<p>Forschungsschwerpunkte Deutsch als Zweitsprache und Sprachdidaktik im Kontext von migrationsbedingter Mehrsprachigkeit Entwicklung und Förderung von Sprach- und Textkompetenz in der Erst-, Zweit- und Fremdsprache Deutsch Literalität und sprachliche Bildung in sprachlich heterogenen Klassen Schriftspracherwerb und Schreibdidaktik Argumentierendes und wissenschaftliches Schreiben Forschungs- und Entwicklungsprojekte 2024-2027: FWF-Projekt: &#8220;Developing Academic Writing&#8221;, gem. mit M. Akbulut (Projektleitung) 2022-2025: Erasmus+-Projekt: [&hellip;]</p>
